composite?
False
Let z(h) = -25*h + 8. Let t be z(-7). Let c = -34 + t. Is c prime?
True
Suppose 3*h + 4 = h. Let m(i) = -9*i**3 - 2*i**3 - 5 + 2 - 2*i. Is m(h) composite?
False
Suppose 55 = 5*g + 10. Suppose 0 = 5*q - 15. Suppose -5*f + 10 = -4*i - g, -5*i = q*f - 41. Is f a prime number?
True
Suppose -2*x + 5*x - 6 = 0. Let v = 0 + x. Suppose v*t - 36 = -2*t. Is t a composite number?
True
Suppose -4*s + 3914 = 5*k - 1857, -5*k + s = -5751. Is k a prime number?
True
Suppose 0*j = j - 7. Let z(k) = k**2 - 6*k - 3. Let f be z(j). Suppose -f*n = -2*n - 62. Is n prime?
True
Let d = -120 - -242. Is d a prime number?
False
Suppose 0 = 6*s - s - 20. Suppose -271 - 821 = s*u. Let w = 416 + u. Is w prime?
False
Is (4/(-12))/((-4)/804) prime?
True
Suppose -4*s = 3*c - 285, c = -s + 159 - 63. Let p = 50 + c. Is p composite?
False
Let b be -4*(-3)/(6/46). Suppose 132 = 3*n + 3*d, -4*d = 2*n - 0*d - b. Suppose -2*o + n = 4. Is o composite?
False
Suppose 2*j - 6*j - 2*b + 14 = 0, 0 = -b + 1. Suppose -p = 4*m - 353, -2*m = -7*m - j*p + 436. Is m prime?
True
Let g(l) = -2*l**3 + 2*l**2 - 5*l + 11. Let w(o) = 5*o**3 - 6*o**2 + 14*o - 32. Let y(x) = 8*g(x) + 3*w(x). Is y(-7) a composite number?
False
Let o = 5 - 1. Suppose k - z - z = 36, 250 = 5*k + o*z. Is k composite?
True
Suppose 3*y = -y + 8, 2*y - 235 = -3*z. Is z composite?
True
Let c(o) = -3 - 6*o - 14*o - 4*o. Let d be c(-4). Let p = d + -36. Is p prime?
False
Suppose -4*y = -y + 5*s + 7, -4*s - 5 = 3*y. Suppose -11 = 4*h + y. Is -1 - 44/6*h a prime number?
False
Let b(n) = n**2 - 6*n + 5. Let a be b(6). Suppose a*y - 265 = 850. Is y a composite number?
False
Suppose -z = 2*r + 4*z - 241, -4*z - 232 = -2*r. Suppose 0*y = -y + 7. Suppose -r = -5*i + y. Is i a composite number?
True
Let b be (-9)/2 - (-2)/4. Is b/1*(-55)/20 a prime number?
True
Let z = 20 + 6. Let y = 64 - z. Is (y/(-4)*-4)/2 a composite number?
False
Let a = -23 + 34. Let r(o) = 29*o + 16. Is r(a) composite?
True
Let y be 10/(-4)*48/40. Is ((-13)/(-3))/(y/(-9)) a prime number?
True
Let l be (-33)/(-9) - (-1)/3. Suppose 3*m = 2*p + 1105, -l*m + 1455 = -0*p + p. Is m a composite number?
True
Suppose 3*h - 24 = w, -5*w - 75 = -w - 5*h. Let a be 2478/w + (-3)/(-15). Let p = a + 400. Is p composite?
True
Let a(z) = -3*z**3 - z**2 - z - 1. Let x be a(-1). Suppose -x*k = -k + 1. Is (-36)/(2/k) + 1 a composite number?
False
Suppose -2*d = -5*d - t + 51, -2*t = 4*d - 70. Suppose -4*o = 11 + 25. Let b = o + d. Is b prime?
True
Suppose -4*y - 4*j = 0, -4*j - 3 = 5. Let i(a) = a**2 + 1. Let o be i(-2). Suppose -2*n - y = 0, 28 = 3*k - o*n - 106. Is k prime?
True
Suppose -4*g + 28 = -0*g. Is g prime?
True
Suppose 0 = -c - 22 + 118. Let f be (-10 + -4)*c/14. Let i = f + 163. Is i a composite number?
False
Let c = -628 - -1269. Is c a prime number?
True
Suppose -4*q + 7*q = 12. Suppose o + q = -6. Let w = o + 23. Is w a composite number?
False
Let p be 10/6*(-114)/(-1). Suppose k - p = -5*n - 4*k, 3*k - 3 = 0. Is n prime?
True
Suppose -3*z = -19 - 8. Suppose 3*v + 4*m - z = 20, -5 = -m. Is 2/((-6)/(-801)*v) a prime number?
True
Let l(q) = -q. Let f be l(0). Suppose c + f*v = 2*v + 45, 0 = 3*c - 3*v - 141. Is c composite?
True
Suppose 0 = -5*j + 2*j + 2229. Is j a prime number?
True
Suppose -y - 104 = -4*y - 4*x, -3*x = 5*y - 155. Suppose -32 = -4*j + y. Suppose 3*v - j = 2*v. Is v a composite number?
True
Let v(f) = 6*f**2 - f**3 - 1 - 4*f + 3*f + 2*f. Let n be v(6). Suppose n*g = g + 140. Is g composite?
True
Suppose 4*j - 1184 = -4*c, c = 2*j + 278 + 15. Is c a prime number?
False
Suppose -2*n + 4*p + 16 = 0, -n - 7 + 0 = p. Let a = 7 + n. Suppose 3*k - 176 = -a*j, 3*j - 5*k = -3*k + 117. Is j a prime number?
True
Suppose -2*d + 996 = 4*n, 0 = -n - 2*n + 5*d + 773. Is n composite?
False
Let w(x) = -1 - 25*x + 5*x + 2 + 2. Is w(-7) a composite number?
True
Suppose -2*x = x. Suppose x = 3*o + o. Suppose o = -0*t + t - 127. Is t prime?
True
Suppose -2*v = 4*l - 16, 0*l - 4 = -l + 3*v. Suppose 2*y - l*i = 198, 3*y - i - 2*i = 282. Is y composite?
False
Let z = -10 + 14. Suppose 0 = z*w - 907 - 2241. Is w a composite number?
False
Let p = -434 + 943. Is p composite?
False
Let t(g) = 9*g**2 + 2*g - 1. Let o be -3*(-2)/6*1. Is t(o) a composite number?
True
Suppose b - q - 4*q - 122 = 0, 5*b = -4*q + 465. Is b prime?
True
Let n = -82 - -117. Is n a composite number?
True
Suppose -2*k = -1461 - 661. Is k a composite number?
False
Let d be ((-3)/4)/(1/(-1192)). Let w = 1370 - d. Suppose -3*l + w = l. Is l composite?
True
Suppose -5*g + 648 = 4*c, -3*c - 258 = -g - 725. Is c prime?
True
Suppose 61 - 11 = -5*g. Let y be (4/(-5))/((-1)/g). Let i = 57 + y. Is i a composite number?
True
Let f(q) = q**3 + 4 + 0 + 0. Let h be f(0). Suppose -3*t = -5*j + h*j + 149, -5*t - 302 = -2*j. Is j a composite number?
True
Is (1081 + 5)*1/2 prime?
False
Let w(n) = -27*n**3 + 4*n**2 + 5*n + 3. Is w(-3) a prime number?
False
Let n be ((-30)/(-9))/((-3)/(-9)). Let q(k) = k**3 - 9*k**2 - 7*k + 1. Is q(n) a composite number?
False
Suppose -s - 14 = -0*y - 3*y, 5*s = 2*y - 5. Let h(r) = 20*r - 3. Is h(y) composite?
False
Let z = -1 + 1. Let x(w) = -4*w - 8. Let n be x(-3). Suppose 5*y - 3*j + n*j - 68 = z, 4*y - 4*j = 64. Is y composite?
True
Let g = -3 + 3. Suppose 4*c + 0*w - w = 10, -2*c + 3*w = g. Suppose -t - c*z = -103, t - 99 = -z - z. Is t a prime number?
False
Suppose 2*l + 5*o = -0*l + 169, 5*l + 3*o = 470. Is l prime?
True
Let q(w) be the third derivative of -w**4/24 + w**2. Let k(g) = 11. Let u(p) = k(p) + q(p). Is u(-12) composite?
False
Let x = -228 + 411. Let w = x - 49. Let p = w - 63. Is p prime?
True
Let h = 122 - 57. Let y(s) = -45*s**2 - s. Let r be y(-1). Let v = r + h. Is v a prime number?
False
Let w(u) = 2*u**3 + 2*u - 7. Is w(3) composite?
False
Let q be 2/(-4) + (-2)/(-4). Suppose 8*r - 4*r - 12 = 0. Suppose -155 = -2*x - r*c - 29, -5*x - 2*c + 337 = q. Is x composite?
True
Let f = 798 + -419. Is f composite?
False
Suppose 6*r - 4*n - 835 = r, -r - 3*n = -148. Is r a prime number?
True
Let y(t) = t + 1. Let h be ((-2)/4)/((-2)/12). Let a be y(h). Suppose 2*v - 8 = -2*x - 2*x, 4*v - a*x - 28 = 0. Is v prime?
False
Let p(z) = -z**3 - 7*z**2 + z + 4. Let f be p(-7). Is 1/f - (-3666)/9 a composite number?
True
Let p(y) = y**2 - 7*y - 4. Let x be p(8). Let g = x + -4. Suppose g - 15 = -l. Is l a composite number?
True
Let q(m) = -387*m - 61. Is q(-24) composite?
False
Let g(x) = x**2 + 4*x + 2. Let h be (-4)/22 - 2155/(-55). Suppose -4*d - 36 = 4*s, -5*s + 0*d - h = 2*d. Is g(s) a composite number?
False
Let y = -107 - -1222. Is y composite?
True
Suppose 0 = 2*y - 10 - 28. Is y composite?
False
Suppose 3*l = 4*f - 1779, 2*f = 4*f + 3*l - 903. Is f a prime number?
False
Let p(b) = -82*b + 3. Is p(-5) composite?
True
Let v = -8 - -2. Let k = -5 - v. Is 0 - (k + -1) - -15 a prime number?
False
Let z = 3107 - 1306. Is z a prime number?
True
Let i = 456 - 137. Is i prime?
False
Suppose -h = -224 - 30. Is h a composite number?
True
Is 418 + 1 - (7 - 7) a prime number?
True
Is 5/1*(-166)/(-10) a prime number?
True
Suppose -5*u + 3*u = -890. Is u a prime number?
False
Is (1 - (-1 - 217)) + (34 - 30) composite?
False
Let l(p) = 54*p**2 + 1. Let t = -71 + 101. Suppose 5*k = 5*h + t, 6*k - 20 = 4*h + 3*k. Is l(h) prime?
False
Let h be -1 - (1 + -1) - -3. Is 164 + 9/((-6)/h) a prime number?
False
Let i(a) = -2*a**3 - 3*a**2 - 2*a + 3. Let m be i(-3). Let h = m - 14. Is h a composite number?
True
Suppose 3*j - 3*b = -2*b + 162, 68 = j - 5*b. Is j a prime number?
True
Let z(p) = 2*p**2 + 11*p - 28. Is z(-15) a composite number?
False
Suppose 3*h - 875 = 5*b, 3*h = -0*b - 4*b + 866. Suppose 0 = 3*w - 2*w - 3*j - 40, 5*w = -3*j + h. Is w a composite number?
True
Is 537*(5/(-3) - -2) a prime number?
True
Let y = -6 + 8. Suppose -y*j + 5*j = 57. Is j a prime number?
True
Suppose 4 + 21 = -5*v, -3*g + 40 = -2*v. Suppose -45 = -q + g. Is q a prime number?
False
Suppose 0*f = f + 49. Is (f/21)/(1/(-3)) prime?
True
Suppose -2*d = -4*d - i - 88, 3*i + 222 = -5*d. Is d/(-4) - (-4)/(-8) a composite number?
True
Suppose -h = -3, 2*j + 709 = 6*j - h. Suppose 0 = -5*n - 4*q + 2*q - j, -94 = 3*n - 2*q. Let l = -13 - n. Is l prime?
False
Is (-1978)/(-2) + -3 + -1 a prime number?
False
